ite?
False
Let x = -42 - -360. Let z = 39 - 36. Suppose 4*n - 279 - 163 = 2*k, -z*k + x = 3*n. Is n a prime number?
True
Let f = 17 + -17. Suppose f = 2*x - 4*i - 102, -i + 8 = i. Is x a composite number?
False
Let k be 1/2 + 18/4. Let q(f) = -f + 14. Let w be q(k). Let v(l) = -l**2 + 11*l - 8. Is v(w) a prime number?
False
Let w(d) = -d**3 + 11*d**2 + 4*d + 15. Let v = 46 + -35. Is w(v) prime?
True
Let o = 43649 - 28542. Is o a composite number?
False
Suppose -z - 4907 = -c, -23*z + 9838 = 2*c - 19*z. Is c a composite number?
True
Suppose 906*d = 914*d - 222152. Is d a prime number?
False
Suppose -44*q = -41*q - 43743. Is q a prime number?
False
Let x(r) = 20*r**3 - r**2 - 6*r + 8. Is x(3) composite?
False
Let d = 719 - 1586. Let q = 604 - d. Is q a composite number?
False
Let w(b) = 141*b + 60. Is w(9) composite?
True
Let h be 3/(-12) - (-1)/(16/84). Suppose 5*d - 3*t - 3630 = 0, -h*d + t + 3*t + 3635 = 0. Is d a composite number?
True
Let j be (-4 + 1)/(12/112). Let g = j + 50. Is g prime?
False
Is -2 - ((95*3)/(-5) + 2) a composite number?
False
Let i = -25 + 28. Is -1 + 1 - (-794 + i) a prime number?
False
Let p be 1 + 0 - (-134)/2. Let z be (-9300)/275 - 2/11. Let i = p + z. Is i prime?
False
Suppose 0*p - 21 = -7*p. Is 262/3 + (-1)/p a prime number?
False
Suppose -5 = -5*k + c + 4*c, -4*k + 5*c = -4. Suppose -4*o + 3602 = 5*h, k = h - 1. Let n = o + -147. Is n composite?
False
Let m be 180/25*(-60)/9. Let s be (-12)/m + 6347/4. Suppose -w - 3*w + 3*a + s = 0, 776 = 2*w + 2*a. Is w composite?
True
Let y be (-675)/(-12) - (-9)/(-36). Suppose y = -2*s + 286. Is s a composite number?
True
Suppose -4*l + 0*l + 4 = 0. Suppose 2*w + l - 13 = 0. Suppose w*h = 1456 + 302. Is h prime?
True
Suppose 39*d - 35*d - 136076 = 0. Is d composite?
False
Let g be (-3 + 1)*(3 + -5). Let x = 178 - 66. Suppose -244 = -g*c + x. Is c composite?
False
Suppose 28475 = -16*i + 304587. Is i a composite number?
False
Let d(i) be the third derivative of -1/6*i**4 - 5/6*i**3 + 0*i + 0 + 1/30*i**5 + 6*i**2. Is d(14) a composite number?
False
Suppose 2*a - 35 = 13. Let k = a - 20. Suppose v = -4*u + 562, -k*v = 3*u - v - 417. Is u a composite number?
True
Let m(r) be the third derivative of -r**6/40 + r**5/60 + r**4/6 - r**3/6 - 7*r**2. Let y(j) = -j**2 + 2*j - 1. Let d be y(3). Is m(d) composite?
False
Suppose -g = -3*g + 4. Suppose -5*r = -g*r - 18. Suppose 5*t + 2*h = r*h + 767, -4*h = -8. Is t a prime number?
False
Let r = 3760 - -4818. Is r a prime number?
False
Suppose 34*q - 62853 = 29*q - 2*m, -5*m - 25118 = -2*q. Is q composite?
False
Suppose -31 = -5*f - 81. Let s = -12 - f. Let k = s + 24. Is k a prime number?
False
Suppose -m = -3*o - 31, m + 16 = 5*m. Let c be 24/o*(-93)/2. Is c + 3 + -1 + 1 a composite number?
False
Suppose -5*v = -2*i - 29895, 13*i = v + 10*i - 5966. Is v a prime number?
True
Is (-204844)/(-22) + (675/(-165) - -4) a prime number?
True
Let p = 1827 + -43. Is (-12)/(-8)*p/12 a prime number?
True
Suppose -5 = -o - 1. Let n(f) = -f**3 + 4*f**2 + 3. Let b be n(o). Suppose -b*i = -2*i - 21. Is i composite?
True
Suppose 0 = -2*h - 10 + 14. Suppose -6*r = -h*r - 1528. Is r a prime number?
False
Let h(s) = 6*s**2 - s - 2. Let o be h(-1). Suppose -2*m - 504 = -2*p, -o*p + 707 = 5*m - 573. Is p composite?
True
Let j = -43 - 64. Let d = -48 - j. Suppose -d = 4*v - 271. Is v prime?
True
Suppose 2*s = 5*n + 28, -3*n + 32 = 3*s - 8*n. Suppose 4*p + p - 15 = 0. Suppose 1651 = s*l - p*d, -3*l + 430 = -2*l + 5*d. Is l a prime number?
False
Suppose -10221 = -3*z + 46362. Is z prime?
False
Suppose -10*p = -12*p - 12. Let w be 2*-1 + 26*3. Is w + 3/p*-2 a prime number?
False
Let w(u) = 6*u**2 - 22*u + 1. Is w(-7) a composite number?
False
Let w be (0 - 12/5)/((-78)/260). Is 105822/12*w/12 prime?
True
Let w = -3108 + 10362. Suppose -6962 = -8*a + w. Is a prime?
True
Suppose -5*g + 799891 = -3*f, 9*g = 5*g - f + 639906. Is g composite?
False
Let m be (-105 - 3)*(-4)/8. Suppose g = -5*g - m. Let y(t) = -35*t - 8. Is y(g) a composite number?
False
Let n(u) = u**3 + 3*u**2 - 12*u + 24. Let f be n(5). Suppose -3*p = t - f, -5*t - 4*p + 760 = -p. Is t prime?
True
Suppose 98*r - 103*r + 38485 = 0. Is r composite?
True
Suppose 4*z = -3*h + 28780, -3*h - 21585 = -19*z + 16*z. Is z composite?
True
Let l = -102 - -147. Suppose 3*h + l - 3306 = 0. Is h a composite number?
False
Is 16 + (-54)/6 - -60978 a composite number?
True
Suppose -15*z = -18*z - 6, -5*d + 39955 = -5*z. Is d prime?
False
Let x = -40688 + 77535. Is x a prime number?
True
Suppose 4*g = 5*g + 8. Let b = 8 + g. Suppose b = 5*n - 113 + 3. Is n a composite number?
True
Suppose -4*q + 3554 = 690. Let n = -507 + q. Is n a composite number?
True
Suppose -2*x + 15238 = -0*x. Is x composite?
True
Is (-20)/(-15) - 80979/(-9) a prime number?
True
Let f(b) = b**3 + b**2 + b - 1. Let m be f(-9). Let t = m - -1155. Is t a prime number?
False
Let b be (-1)/(6975/(-1745) + 4). Let f = 588 + b. Is f prime?
True
Is ((3/2)/3)/((-1)/(-12394)) composite?
False
Is (-46)/4*(-670)/5 prime?
False
Let h = -2284 + 3315. Is h composite?
False
Suppose 8*m = 9*m - 2. Suppose -f - 1601 = -5*s - 491, m*s - 456 = -2*f. Is s prime?
True
Let g(l) = 11*l - 5. Suppose 5*c + 1 = 11. Let k be g(c). Is (-26)/2*k*-1 prime?
False
Let u(r) = r**3 - 13*r**2 + 2*r + 5. Let f = 1 + -1. Suppose f = -5*b - 5*s + 85, b = -3*s + s + 21. Is u(b) composite?
False
Is (-8313046)/147*(-3)/2 prime?
True
Let u = 35 + -28. Let q(a) = 1 - 3*a**2 + u*a**2 + 10*a**2 - a - 8. Is q(6) a prime number?
True
Let c(o) = -37*o**3 + 4*o**2 - 8*o - 28. Is c(-3) a composite number?
False
Let x(t) = -2961*t**3 - 2*t**2 - 7*t + 3. Let v(r) = 1481*r**3 + r**2 + 4*r - 2. Let s(d) = 5*v(d) + 3*x(d). Is s(-1) a prime number?
False
Let h(u) = -u**3 + 7*u**2 - u - 8. Let v = -23 - -28. Suppose p = v - 0. Is h(p) prime?
True
Let r = -10 - -10. Suppose -w + r*s - 5*s - 8 = 0, 5*w + 4*s + 40 = 0. Is (w/10)/(22/(-2255)) a composite number?
True
Suppose -696772 - 380057 = -39*w. Is w composite?
False
Let g be -309*((-7)/(-3) - 3). Suppose -g = 3*f - 953. Suppose -v - 62 = -f. Is v prime?
False
Suppose 3*p + 10 = 5*p. Let c = p - 5. Suppose -3*z + i + 353 = c, 0*z - 2*z - 3*i = -250. Is z prime?
False
Let g(o) be the first derivative of -209*o**6/60 + o**3/6 + 3*o**2/2 + 7. Let m(k) be the second derivative of g(k). Is m(-1) a prime number?
True
Suppose 5*k - 59 = -j + 1307, -4085 = -3*j - 2*k. Is j prime?
True
Let s = 20 + -14. Suppose s*f + 537 = 9*f. Is f prime?
True
Let m be (-10)/3*(-9)/6. Suppose -m*s - 5*l + 25 = 0, -3*s - 2*l + 10 = -0*l. Suppose -n + 4*g + 46 + 33 = s, 5*g = -2*n + 93. Is n composite?
False
Suppose -3*n + 5*y - 3101 = 0, -y - 4*y = -20. Let g = n + 1814. Is g a composite number?
False
Let h(y) = -y**3 + 3*y**2 + 4*y + 5. Let i be h(4). Suppose 12 + 10 = -3*w - i*m, -w = -5*m - 26. Let l(a) = 89*a**3 - 2*a**2 + 2*a. Is l(w) a composite number?
False
Let m be 22/(-33)*(-36)/(3/1). Suppose 7*l = m*l - 1262. Is l prime?
False
Let j = -1404 + 2067. Suppose 0 = 5*a - j + 73. Is a composite?
True
Let u(i) = -28*i + 14. Suppose 4*b - 4 = 2*b. Let z(l) = 9*l - 5. Let x(y) = b*u(y) + 7*z(y). Is x(12) composite?
True
Is (10 + -12 + 7)*9391/5 prime?
True
Suppose -5*w + 4 + 31 = 0. Suppose -w*i + 5*t + 810 = -2*i, 4*i + 4*t = 656. Is i a composite number?
False
Let s(r) = -3*r**2 - 13*r. Let n(c) = 4*c**2 + 15*c - 7. Let l(w) = -2*w**2 - 8*w + 3. Let o(j) = 9*l(j) + 4*n(j). Let f(u) = 5*o(u) - 4*s(u). Is f(6) prime?
True
Suppose -2*b + 3*b = 3. Suppose -b*f = -f. Suppose f = -2*k + 499 - 65. Is k composite?
True
Let u = -46 + 64. Suppose -1883 = -5*j + 4*o, -2*j - u = 2*o - 782. Is j a composite number?
False
Suppose 7*v = 6*v + 20. Let w be (v/6)/((-4)/(-12)). Suppose -3*q + 5*n + 88 = w, -4*n - 54 = -2*q. Is q a prime number?
False
Let o be -2*1*(-9)/6. Suppose o*n - 2 = 64. Suppose m = -2*u + n, u - 4*m - 11 = -5*m. Is u composite?
False
Let k(n) = 372*n**2 - n + 8. Let p(v) = -v**2 + 4*v + 18. Let w be p(7). Is k(w) composite?
False
Suppose -2*c + 5503 = -28015. Is c composite?
False
Let v(o) be the third derivative of -9*o**4/8 - o**3/6 - 15*o**2. Let y(c) = c**2 - 2. Let w be y(0). Is v(w) a prime number?
True
Suppose -3*v + 25 - 16 = 0. Let r be -5 + 5 + 12/v. S